{"id":165,"date":"2020-07-20T08:26:22","date_gmt":"2020-07-20T08:26:22","guid":{"rendered":"https:\/\/restoration.fuelthemes.net\/?page_id=165"},"modified":"2025-07-04T17:59:42","modified_gmt":"2025-07-04T17:59:42","slug":"ueber-uns","status":"publish","type":"page","link":"https:\/\/filigrand.de\/?page_id=165","title":{"rendered":"\u00dcber uns"},"content":{"rendered":"\n<div class=\"wp-block-columns is-layout-flex wp-container-core-columns-is-layout-9d6595d7 wp-block-columns-is-layout-flex\">\n<div class=\"wp-block-column is-layout-flow wp-block-column-is-layout-flow\">\n<figure class=\"wp-block-image size-large\"><img loading=\"lazy\" decoding=\"async\" width=\"1024\" height=\"683\" src=\"https:\/\/filigrand.de\/wp-content\/uploads\/2024\/11\/Bel_Ambiente_Rinconera_C6-1024x683.jpg\" alt=\"\" class=\"wp-image-9314\" srcset=\"https:\/\/filigrand.de\/wp-content\/uploads\/2024\/11\/Bel_Ambiente_Rinconera_C6-1024x683.jpg 1024w, https:\/\/filigrand.de\/wp-content\/uploads\/2024\/11\/Bel_Ambiente_Rinconera_C6-300x200.jpg 300w, https:\/\/filigrand.de\/wp-content\/uploads\/2024\/11\/Bel_Ambiente_Rinconera_C6-768x512.jpg 768w, https:\/\/filigrand.de\/wp-content\/uploads\/2024\/11\/Bel_Ambiente_Rinconera_C6-20x12.jpg 20w\" sizes=\"auto, (max-width: 1024px) 100vw, 1024px\" \/><\/figure>\n<\/div>\n\n\n\n<div class=\"wp-block-column is-layout-flow wp-block-column-is-layout-flow\">\n<p class=\"has-large-font-size\">Willkommen in unserer Welt der filigran(d)en Bez\u00fcge<\/p>\n\n\n\n<div class=\"wp-block-uagb-image aligncenter uagb-block-823c9fbf wp-block-uagb-image--layout-default wp-block-uagb-image--effect-static wp-block-uagb-image--align-center\"><figure class=\"wp-block-uagb-image__figure\"><img decoding=\"async\" srcset=\"https:\/\/filigrand.de\/wp-content\/uploads\/2021\/04\/Filigrand-jpeg-5a6c69_eaa01e-150x150.jpg ,https:\/\/filigrand.de\/wp-content\/uploads\/2021\/04\/Filigrand-jpeg-5a6c69_eaa01e.jpg 780w, https:\/\/filigrand.de\/wp-content\/uploads\/2021\/04\/Filigrand-jpeg-5a6c69_eaa01e.jpg 360w\" sizes=\"auto, (max-width: 480px) 150px\" src=\"https:\/\/filigrand.de\/wp-content\/uploads\/2021\/04\/Filigrand-jpeg-5a6c69_eaa01e-150x150.jpg\" alt=\"Logo Filigrand\" class=\"uag-image-1292\" width=\"126\" height=\"126\" title=\"Logo Filigrand\" loading=\"lazy\" role=\"img\"\/><\/figure><\/div>\n\n\n\n<p><em>Entscheide dich f\u00fcr das Beste \u2013 das ist deine Zukunft! Kompromiss ist nur der halbe Weg. Nur die richtige Wahl macht dich jahrelang gl\u00fccklich<\/em>.<\/p>\n\n\n\n<p>Unsere Bez\u00fcge werden im Familienbetrieb in Spanien von der Marke Belmarti hergestellt. Wir helfen dir gerne deine Polsterm\u00f6bel mit hochwertigen und langlebigen Bez\u00fcgen zu sch\u00fctzen und zu versch\u00f6nern. Mit unserer individuellen Beratung findest du den richtigen \u00dcberzug, der genau auf dein M\u00f6belst\u00fcck passt. Unsere M\u00f6belbez\u00fcge lassen nicht nur dein Zuhause im neuen Glanz erstrahlen, sie sind auch eine preiswerte und einfache Alternative zum Neubeziehen deiner Lieblingsm\u00f6bel.<\/p>\n\n\n\n<p>Wir sind ein offizieller Partner der spanischen Marke Belmarti<\/p>\n\n\n\n<div class=\"wp-block-uagb-image aligncenter uagb-block-c2ed2fa1 wp-block-uagb-image--layout-default wp-block-uagb-image--effect-static wp-block-uagb-image--align-center\"><figure class=\"wp-block-uagb-image__figure\"><img decoding=\"async\" srcset=\"https:\/\/filigrand.de\/wp-content\/uploads\/2025\/07\/Logotip-Belmarti-1024x724.jpg ,https:\/\/filigrand.de\/wp-content\/uploads\/2025\/07\/Logotip-Belmarti.jpg 780w, https:\/\/filigrand.de\/wp-content\/uploads\/2025\/07\/Logotip-Belmarti.jpg 360w\" sizes=\"auto, (max-width: 480px) 150px\" src=\"https:\/\/filigrand.de\/wp-content\/uploads\/2025\/07\/Logotip-Belmarti-1024x724.jpg\" alt=\"\" class=\"uag-image-9796\" width=\"140\" height=\"99\" title=\"Logotip-Belmarti\" loading=\"lazy\" role=\"img\"\/><\/figure><\/div>\n<\/div>\n<\/div>\n\n\n\n<div style=\"height:46px\" aria-hidden=\"true\" class=\"wp-block-spacer\"><\/div>\n\n\n\n<p><\/p>\n","protected":false},"excerpt":{"rendered":"<p>Willkommen in unserer Welt der filigran(d)en Bez\u00fcge Entscheide dich f\u00fcr das Beste \u2013 das ist deine Zukunft! Kompromiss ist nur der halbe Weg. Nur die richtige Wahl macht dich jahrelang gl\u00fccklich. Unsere Bez\u00fcge werden im Familienbetrieb in Spanien von der Marke Belmarti hergestellt. Wir helfen dir gerne deine Polsterm\u00f6bel mit hochwertigen und langlebigen Bez\u00fcgen zu&hellip;<\/p>\n","protected":false},"author":1,"featured_media":0,"parent":0,"menu_order":0,"comment_status":"closed","ping_status":"closed","template":"template-pagetitle.php","meta":{"_uag_custom_page_level_css":"","footnotes":""},"class_list":["post-165","page","type-page","status-publish","hentry"],"yoast_head":"<!-- This site is optimized with the Yoast SEO plugin v27.4 - https:\/\/yoast.com\/product\/yoast-seo-wordpress\/ -->\n<title>\u00dcber uns - Filigrand - hochwertige Sofabez\u00fcge f\u00fcr Ecksofa, L-Form etc. made in EU<\/title>\n<meta name=\"description\" content=\"Mit unseren italienischen Bez\u00fcgen findest du bei uns eine preiswerte und einfache L\u00f6sung, um deine M\u00f6bel zu sch\u00fctzen und zu versch\u00f6nern.\" \/>\n<meta name=\"robots\" content=\"index, follow, max-snippet:-1, max-image-preview:large, max-video-preview:-1\" \/>\n<link rel=\"canonical\" href=\"https:\/\/filigrand.de\/?page_id=165\" \/>\n<meta property=\"og:locale\" content=\"de_DE\" \/>\n<meta property=\"og:type\" content=\"article\" \/>\n<meta property=\"og:title\" content=\"\u00dcber uns - Filigrand - hochwertige Sofabez\u00fcge f\u00fcr Ecksofa, L-Form etc. made in EU\" \/>\n<meta property=\"og:description\" content=\"Mit unseren italienischen Bez\u00fcgen findest du bei uns eine preiswerte und einfache L\u00f6sung, um deine M\u00f6bel zu sch\u00fctzen und zu versch\u00f6nern.\" \/>\n<meta property=\"og:url\" content=\"https:\/\/filigrand.de\/?page_id=165\" \/>\n<meta property=\"og:site_name\" content=\"Filigrand - hochwertige Sofabez\u00fcge f\u00fcr Ecksofa, L-Form etc. made in EU\" \/>\n<meta property=\"article:modified_time\" content=\"2025-07-04T17:59:42+00:00\" \/>\n<meta property=\"og:image\" content=\"https:\/\/filigrand.de\/wp-content\/uploads\/2024\/11\/Bel_Ambiente_Rinconera_C6-scaled.jpg\" \/>\n\t<meta property=\"og:image:width\" content=\"2560\" \/>\n\t<meta property=\"og:image:height\" content=\"1707\" \/>\n\t<meta property=\"og:image:type\" content=\"image\/jpeg\" \/>\n<meta name=\"twitter:card\" content=\"summary_large_image\" \/>\n<meta name=\"twitter:label1\" content=\"Gesch\u00e4tzte Lesezeit\" \/>\n\t<meta name=\"twitter:data1\" content=\"2\u00a0Minuten\" \/>\n<script type=\"application\/ld+json\" class=\"yoast-schema-graph\">{\"@context\":\"https:\\\/\\\/schema.org\",\"@graph\":[{\"@type\":\"WebPage\",\"@id\":\"https:\\\/\\\/filigrand.de\\\/?page_id=165\",\"url\":\"https:\\\/\\\/filigrand.de\\\/?page_id=165\",\"name\":\"\u00dcber uns - Filigrand - hochwertige Sofabez\u00fcge f\u00fcr Ecksofa, L-Form etc. made in EU\",\"isPartOf\":{\"@id\":\"https:\\\/\\\/filigrand.de\\\/#website\"},\"primaryImageOfPage\":{\"@id\":\"https:\\\/\\\/filigrand.de\\\/?page_id=165#primaryimage\"},\"image\":{\"@id\":\"https:\\\/\\\/filigrand.de\\\/?page_id=165#primaryimage\"},\"thumbnailUrl\":\"https:\\\/\\\/filigrand.de\\\/wp-content\\\/uploads\\\/2024\\\/11\\\/Bel_Ambiente_Rinconera_C6-1024x683.jpg\",\"datePublished\":\"2020-07-20T08:26:22+00:00\",\"dateModified\":\"2025-07-04T17:59:42+00:00\",\"description\":\"Mit unseren italienischen Bez\u00fcgen findest du bei uns eine preiswerte und einfache L\u00f6sung, um deine M\u00f6bel zu sch\u00fctzen und zu versch\u00f6nern.\",\"breadcrumb\":{\"@id\":\"https:\\\/\\\/filigrand.de\\\/?page_id=165#breadcrumb\"},\"inLanguage\":\"de\",\"potentialAction\":[{\"@type\":\"ReadAction\",\"target\":[\"https:\\\/\\\/filigrand.de\\\/?page_id=165\"]}]},{\"@type\":\"ImageObject\",\"inLanguage\":\"de\",\"@id\":\"https:\\\/\\\/filigrand.de\\\/?page_id=165#primaryimage\",\"url\":\"https:\\\/\\\/filigrand.de\\\/wp-content\\\/uploads\\\/2024\\\/11\\\/Bel_Ambiente_Rinconera_C6-scaled.jpg\",\"contentUrl\":\"https:\\\/\\\/filigrand.de\\\/wp-content\\\/uploads\\\/2024\\\/11\\\/Bel_Ambiente_Rinconera_C6-scaled.jpg\",\"width\":2560,\"height\":1707},{\"@type\":\"BreadcrumbList\",\"@id\":\"https:\\\/\\\/filigrand.de\\\/?page_id=165#breadcrumb\",\"itemListElement\":[{\"@type\":\"ListItem\",\"position\":1,\"name\":\"Startseite\",\"item\":\"https:\\\/\\\/filigrand.de\\\/\"},{\"@type\":\"ListItem\",\"position\":2,\"name\":\"\u00dcber uns\"}]},{\"@type\":\"WebSite\",\"@id\":\"https:\\\/\\\/filigrand.de\\\/#website\",\"url\":\"https:\\\/\\\/filigrand.de\\\/\",\"name\":\"Filigrand - hochwertige Sofabez\u00fcge f\u00fcr Ecksofa, L-Form etc. made in EU\",\"description\":\"Universelle hochelastische Sofabez\u00fcge, Sesselbez\u00fcge, Bettbez\u00fcge direkt aus Italien &amp; Spanien. Perfekte Passform und Halt.\",\"publisher\":{\"@id\":\"https:\\\/\\\/filigrand.de\\\/#organization\"},\"potentialAction\":[{\"@type\":\"SearchAction\",\"target\":{\"@type\":\"EntryPoint\",\"urlTemplate\":\"https:\\\/\\\/filigrand.de\\\/?s={search_term_string}\"},\"query-input\":{\"@type\":\"PropertyValueSpecification\",\"valueRequired\":true,\"valueName\":\"search_term_string\"}}],\"inLanguage\":\"de\"},{\"@type\":\"Organization\",\"@id\":\"https:\\\/\\\/filigrand.de\\\/#organization\",\"name\":\"Filigrand - hochwertige Sofabez\u00fcge f\u00fcr Ecksofa, L-Form etc. made in EU\",\"url\":\"https:\\\/\\\/filigrand.de\\\/\",\"logo\":{\"@type\":\"ImageObject\",\"inLanguage\":\"de\",\"@id\":\"https:\\\/\\\/filigrand.de\\\/#\\\/schema\\\/logo\\\/image\\\/\",\"url\":\"https:\\\/\\\/filigrand.de\\\/wp-content\\\/uploads\\\/2021\\\/03\\\/FILIGRAND-e1614628532288.png\",\"contentUrl\":\"https:\\\/\\\/filigrand.de\\\/wp-content\\\/uploads\\\/2021\\\/03\\\/FILIGRAND-e1614628532288.png\",\"width\":270,\"height\":200,\"caption\":\"Filigrand - hochwertige Sofabez\u00fcge f\u00fcr Ecksofa, L-Form etc. made in EU\"},\"image\":{\"@id\":\"https:\\\/\\\/filigrand.de\\\/#\\\/schema\\\/logo\\\/image\\\/\"},\"sameAs\":[\"https:\\\/\\\/www.instagram.com\\\/filigrand.de\\\/\"]}]}<\/script>\n<!-- \/ Yoast SEO plugin. -->","yoast_head_json":{"title":"\u00dcber uns - Filigrand - hochwertige Sofabez\u00fcge f\u00fcr Ecksofa, L-Form etc. made in EU","description":"Mit unseren italienischen Bez\u00fcgen findest du bei uns eine preiswerte und einfache L\u00f6sung, um deine M\u00f6bel zu sch\u00fctzen und zu versch\u00f6nern.","robots":{"index":"index","follow":"follow","max-snippet":"max-snippet:-1","max-image-preview":"max-image-preview:large","max-video-preview":"max-video-preview:-1"},"canonical":"https:\/\/filigrand.de\/?page_id=165","og_locale":"de_DE","og_type":"article","og_title":"\u00dcber uns - Filigrand - hochwertige Sofabez\u00fcge f\u00fcr Ecksofa, L-Form etc. made in EU","og_description":"Mit unseren italienischen Bez\u00fcgen findest du bei uns eine preiswerte und einfache L\u00f6sung, um deine M\u00f6bel zu sch\u00fctzen und zu versch\u00f6nern.","og_url":"https:\/\/filigrand.de\/?page_id=165","og_site_name":"Filigrand - hochwertige Sofabez\u00fcge f\u00fcr Ecksofa, L-Form etc. made in EU","article_modified_time":"2025-07-04T17:59:42+00:00","og_image":[{"width":2560,"height":1707,"url":"https:\/\/filigrand.de\/wp-content\/uploads\/2024\/11\/Bel_Ambiente_Rinconera_C6-scaled.jpg","type":"image\/jpeg"}],"twitter_card":"summary_large_image","twitter_misc":{"Gesch\u00e4tzte Lesezeit":"2\u00a0Minuten"},"schema":{"@context":"https:\/\/schema.org","@graph":[{"@type":"WebPage","@id":"https:\/\/filigrand.de\/?page_id=165","url":"https:\/\/filigrand.de\/?page_id=165","name":"\u00dcber uns - Filigrand - hochwertige Sofabez\u00fcge f\u00fcr Ecksofa, L-Form etc. made in EU","isPartOf":{"@id":"https:\/\/filigrand.de\/#website"},"primaryImageOfPage":{"@id":"https:\/\/filigrand.de\/?page_id=165#primaryimage"},"image":{"@id":"https:\/\/filigrand.de\/?page_id=165#primaryimage"},"thumbnailUrl":"https:\/\/filigrand.de\/wp-content\/uploads\/2024\/11\/Bel_Ambiente_Rinconera_C6-1024x683.jpg","datePublished":"2020-07-20T08:26:22+00:00","dateModified":"2025-07-04T17:59:42+00:00","description":"Mit unseren italienischen Bez\u00fcgen findest du bei uns eine preiswerte und einfache L\u00f6sung, um deine M\u00f6bel zu sch\u00fctzen und zu versch\u00f6nern.","breadcrumb":{"@id":"https:\/\/filigrand.de\/?page_id=165#breadcrumb"},"inLanguage":"de","potentialAction":[{"@type":"ReadAction","target":["https:\/\/filigrand.de\/?page_id=165"]}]},{"@type":"ImageObject","inLanguage":"de","@id":"https:\/\/filigrand.de\/?page_id=165#primaryimage","url":"https:\/\/filigrand.de\/wp-content\/uploads\/2024\/11\/Bel_Ambiente_Rinconera_C6-scaled.jpg","contentUrl":"https:\/\/filigrand.de\/wp-content\/uploads\/2024\/11\/Bel_Ambiente_Rinconera_C6-scaled.jpg","width":2560,"height":1707},{"@type":"BreadcrumbList","@id":"https:\/\/filigrand.de\/?page_id=165#breadcrumb","itemListElement":[{"@type":"ListItem","position":1,"name":"Startseite","item":"https:\/\/filigrand.de\/"},{"@type":"ListItem","position":2,"name":"\u00dcber uns"}]},{"@type":"WebSite","@id":"https:\/\/filigrand.de\/#website","url":"https:\/\/filigrand.de\/","name":"Filigrand - hochwertige Sofabez\u00fcge f\u00fcr Ecksofa, L-Form etc. made in EU","description":"Universelle hochelastische Sofabez\u00fcge, Sesselbez\u00fcge, Bettbez\u00fcge direkt aus Italien &amp; Spanien. Perfekte Passform und Halt.","publisher":{"@id":"https:\/\/filigrand.de\/#organization"},"potentialAction":[{"@type":"SearchAction","target":{"@type":"EntryPoint","urlTemplate":"https:\/\/filigrand.de\/?s={search_term_string}"},"query-input":{"@type":"PropertyValueSpecification","valueRequired":true,"valueName":"search_term_string"}}],"inLanguage":"de"},{"@type":"Organization","@id":"https:\/\/filigrand.de\/#organization","name":"Filigrand - hochwertige Sofabez\u00fcge f\u00fcr Ecksofa, L-Form etc. made in EU","url":"https:\/\/filigrand.de\/","logo":{"@type":"ImageObject","inLanguage":"de","@id":"https:\/\/filigrand.de\/#\/schema\/logo\/image\/","url":"https:\/\/filigrand.de\/wp-content\/uploads\/2021\/03\/FILIGRAND-e1614628532288.png","contentUrl":"https:\/\/filigrand.de\/wp-content\/uploads\/2021\/03\/FILIGRAND-e1614628532288.png","width":270,"height":200,"caption":"Filigrand - hochwertige Sofabez\u00fcge f\u00fcr Ecksofa, L-Form etc. made in EU"},"image":{"@id":"https:\/\/filigrand.de\/#\/schema\/logo\/image\/"},"sameAs":["https:\/\/www.instagram.com\/filigrand.de\/"]}]}},"uagb_featured_image_src":{"full":false,"thumbnail":false,"medium":false,"medium_large":false,"large":false,"1536x1536":false,"2048x2048":false,"post-thumbnail":false,"restoration-rectangle":false,"restoration-single":false,"restoration-rectangle-mini":false,"restoration-rectangle-mobile":false,"restoration-rectangle-x2":false,"restoration-single-mini":false,"restoration-single-mobile":false,"restoration-single-x2":false,"woocommerce_thumbnail":false,"woocommerce_single":false,"woocommerce_gallery_thumbnail":false},"uagb_author_info":{"display_name":"Filigrand","author_link":"https:\/\/filigrand.de\/?author=1"},"uagb_comment_info":0,"uagb_excerpt":"Willkommen in unserer Welt der filigran(d)en Bez\u00fcge Entscheide dich f\u00fcr das Beste \u2013 das ist deine Zukunft! Kompromiss ist nur der halbe Weg. Nur die richtige Wahl macht dich jahrelang gl\u00fccklich. Unsere Bez\u00fcge werden im Familienbetrieb in Spanien von der Marke Belmarti hergestellt. Wir helfen dir gerne deine Polsterm\u00f6bel mit hochwertigen und langlebigen Bez\u00fcgen zu&hellip;","_links":{"self":[{"href":"https:\/\/filigrand.de\/index.php?rest_route=\/wp\/v2\/pages\/165","targetHints":{"allow":["GET"]}}],"collection":[{"href":"https:\/\/filigrand.de\/index.php?rest_route=\/wp\/v2\/pages"}],"about":[{"href":"https:\/\/filigrand.de\/index.php?rest_route=\/wp\/v2\/types\/page"}],"author":[{"embeddable":true,"href":"https:\/\/filigrand.de\/index.php?rest_route=\/wp\/v2\/users\/1"}],"replies":[{"embeddable":true,"href":"https:\/\/filigrand.de\/index.php?rest_route=%2Fwp%2Fv2%2Fcomments&post=165"}],"version-history":[{"count":20,"href":"https:\/\/filigrand.de\/index.php?rest_route=\/wp\/v2\/pages\/165\/revisions"}],"predecessor-version":[{"id":9806,"href":"https:\/\/filigrand.de\/index.php?rest_route=\/wp\/v2\/pages\/165\/revisions\/9806"}],"wp:attachment":[{"href":"https:\/\/filigrand.de\/index.php?rest_route=%2Fwp%2Fv2%2Fmedia&parent=165"}],"curies":[{"name":"wp","href":"https:\/\/api.w.org\/{rel}","templated":true}]}}