{"id":1031,"date":"2021-03-23T20:04:00","date_gmt":"2021-03-23T20:04:00","guid":{"rendered":"http:\/\/filigrand.de\/?page_id=1031"},"modified":"2023-01-15T14:21:20","modified_gmt":"2023-01-15T14:21:20","slug":"ruecksendung","status":"publish","type":"page","link":"https:\/\/filigrand.de\/?page_id=1031","title":{"rendered":"R\u00fccksendung"},"content":{"rendered":"\n<h2 class=\"has-text-align-center wp-block-heading\" id=\"rucksendung\">R\u00fccksendung<\/h2>\n\n\n\n<p>Die R\u00fcckgabe eines oder mehrerer Artikel ist innerhalb der 14-t\u00e4gigen Frist m\u00f6glich. Jedoch muss sich die Ware im Originalzustand befinden. Bitte beachten, dass wir nur einwandfreie (z. B. keine Sch\u00e4den, Verschmutzung, Tierhaare, gewaschene\/geruchsbeeintr\u00e4chtigte, z. B. Zigarettengeruch) Ware in unbesch\u00e4digtem Zustand mit allem Zubeh\u00f6r zur\u00fccknehmen k\u00f6nnen.&nbsp;<\/p>\n\n\n\n<p>F\u00fcr Retouren aus Deutschland gilt folgendes: wir \u00fcbernehmen die Kosten der Retoure. Wende dich bitte daf\u00fcr an uns &#8211; <a href=\"mailto:retoure@filigrand.de\">retoure@filigrand.de<\/a> &#8211; und wir schicken dir das Retourenetikett per Mail zu. Im Falle eines Widerrufs erstatten wir dir die ggf. angefallene Hinsendekosten nach &nbsp;<a href=\"javascript:void(0);\">\u00a7 357 Abs. 2 S. 2 BGB&nbsp;<\/a>(f\u00fcr Standardversand).<\/p>\n\n\n\n<p>F\u00fcr Retouren aus allen anderen L\u00e4ndern: du \u00fcbernimmst die Retourkosten.<\/p>\n\n\n\n<p>Der Betrag wird innerhalb von 3-5 Werktagen (nach Warenpr\u00fcfung) zur\u00fcckerstattet.\u00a0<\/p>\n\n\n\n<p><strong>R\u00fccksendung von mehreren Bestellungen<\/strong><\/p>\n\n\n\n<p>Solltest du mehrere Bestellungen zur\u00fcckschicken wollen, kannst du alle in ein beliebiges Paket packen und mit einem einzigen Retourenetikett bekleben, denn das Retourenetikett gilt f\u00fcr Pakete bis 31kg. Lege dazu aber bitte alle Liefer-\/Retourenscheine der Bestellungen, welche du zur\u00fcckgeben m\u00f6chtest, ausgef\u00fcllt dem Paket bei.&nbsp;<\/p>\n\n\n\n<p>Wenn wir deine R\u00fccksendung erhalten haben, wird diese von uns gepr\u00fcft und umgehend zur\u00fcckerstattet. Wir ben\u00f6tigen hierf\u00fcr in der Regel 3 bis 5 Werktage.<\/p>\n\n\n\n<p><strong><em>Sag&#8216; uns was deinen Erwartungen nicht entsprochen hat und wir machen es n\u00e4chstes Mal besser!<\/em><\/strong><\/p>\n","protected":false},"excerpt":{"rendered":"<p>R\u00fccksendung Die R\u00fcckgabe eines oder mehrerer Artikel ist innerhalb der 14-t\u00e4gigen Frist m\u00f6glich. Jedoch muss sich die Ware im Originalzustand befinden. Bitte beachten, dass wir nur einwandfreie (z. B. keine Sch\u00e4den, Verschmutzung, Tierhaare, gewaschene\/geruchsbeeintr\u00e4chtigte, z. B. Zigarettengeruch) Ware in unbesch\u00e4digtem Zustand mit allem Zubeh\u00f6r zur\u00fccknehmen k\u00f6nnen.&nbsp; F\u00fcr Retouren aus Deutschland gilt folgendes: wir \u00fcbernehmen die&hellip;<\/p>\n","protected":false},"author":1,"featured_media":0,"parent":0,"menu_order":0,"comment_status":"closed","ping_status":"closed","template":"","meta":{"_uag_custom_page_level_css":"","footnotes":""},"class_list":["post-1031","page","type-page","status-publish","hentry"],"yoast_head":"<!-- This site is optimized with the Yoast SEO plugin v27.4 - https:\/\/yoast.com\/product\/yoast-seo-wordpress\/ -->\n<title>R\u00fccksendung - Filigrand - hochwertige Sofabez\u00fcge f\u00fcr Ecksofa, L-Form etc. made in EU<\/title>\n<meta name=\"robots\" content=\"index, follow, max-snippet:-1, max-image-preview:large, max-video-preview:-1\" \/>\n<link rel=\"canonical\" href=\"https:\/\/filigrand.de\/?page_id=1031\" \/>\n<meta property=\"og:locale\" content=\"de_DE\" \/>\n<meta property=\"og:type\" content=\"article\" \/>\n<meta property=\"og:title\" content=\"R\u00fccksendung - Filigrand - hochwertige Sofabez\u00fcge f\u00fcr Ecksofa, L-Form etc. made in EU\" \/>\n<meta property=\"og:description\" content=\"R\u00fccksendung Die R\u00fcckgabe eines oder mehrerer Artikel ist innerhalb der 14-t\u00e4gigen Frist m\u00f6glich. Jedoch muss sich die Ware im Originalzustand befinden. Bitte beachten, dass wir nur einwandfreie (z. B. keine Sch\u00e4den, Verschmutzung, Tierhaare, gewaschene\/geruchsbeeintr\u00e4chtigte, z. B. Zigarettengeruch) Ware in unbesch\u00e4digtem Zustand mit allem Zubeh\u00f6r zur\u00fccknehmen k\u00f6nnen.&nbsp; F\u00fcr Retouren aus Deutschland gilt folgendes: wir \u00fcbernehmen die&hellip;\" \/>\n<meta property=\"og:url\" content=\"https:\/\/filigrand.de\/?page_id=1031\" \/>\n<meta property=\"og:site_name\" content=\"Filigrand - hochwertige Sofabez\u00fcge f\u00fcr Ecksofa, L-Form etc. made in EU\" \/>\n<meta property=\"article:modified_time\" content=\"2023-01-15T14:21:20+00:00\" \/>\n<meta name=\"twitter:card\" content=\"summary_large_image\" \/>\n<meta name=\"twitter:label1\" content=\"Gesch\u00e4tzte Lesezeit\" \/>\n\t<meta name=\"twitter:data1\" content=\"2\u00a0Minuten\" \/>\n<script type=\"application\/ld+json\" class=\"yoast-schema-graph\">{\"@context\":\"https:\\\/\\\/schema.org\",\"@graph\":[{\"@type\":\"WebPage\",\"@id\":\"https:\\\/\\\/filigrand.de\\\/?page_id=1031\",\"url\":\"https:\\\/\\\/filigrand.de\\\/?page_id=1031\",\"name\":\"R\u00fccksendung - Filigrand - hochwertige Sofabez\u00fcge f\u00fcr Ecksofa, L-Form etc. made in EU\",\"isPartOf\":{\"@id\":\"https:\\\/\\\/filigrand.de\\\/#website\"},\"datePublished\":\"2021-03-23T20:04:00+00:00\",\"dateModified\":\"2023-01-15T14:21:20+00:00\",\"breadcrumb\":{\"@id\":\"https:\\\/\\\/filigrand.de\\\/?page_id=1031#breadcrumb\"},\"inLanguage\":\"de\",\"potentialAction\":[{\"@type\":\"ReadAction\",\"target\":[\"https:\\\/\\\/filigrand.de\\\/?page_id=1031\"]}]},{\"@type\":\"BreadcrumbList\",\"@id\":\"https:\\\/\\\/filigrand.de\\\/?page_id=1031#breadcrumb\",\"itemListElement\":[{\"@type\":\"ListItem\",\"position\":1,\"name\":\"Startseite\",\"item\":\"https:\\\/\\\/filigrand.de\\\/\"},{\"@type\":\"ListItem\",\"position\":2,\"name\":\"R\u00fccksendung\"}]},{\"@type\":\"WebSite\",\"@id\":\"https:\\\/\\\/filigrand.de\\\/#website\",\"url\":\"https:\\\/\\\/filigrand.de\\\/\",\"name\":\"Filigrand - hochwertige Sofabez\u00fcge f\u00fcr Ecksofa, L-Form etc. made in EU\",\"description\":\"Universelle hochelastische Sofabez\u00fcge, Sesselbez\u00fcge, Bettbez\u00fcge direkt aus Italien &amp; Spanien. Perfekte Passform und Halt.\",\"publisher\":{\"@id\":\"https:\\\/\\\/filigrand.de\\\/#organization\"},\"potentialAction\":[{\"@type\":\"SearchAction\",\"target\":{\"@type\":\"EntryPoint\",\"urlTemplate\":\"https:\\\/\\\/filigrand.de\\\/?s={search_term_string}\"},\"query-input\":{\"@type\":\"PropertyValueSpecification\",\"valueRequired\":true,\"valueName\":\"search_term_string\"}}],\"inLanguage\":\"de\"},{\"@type\":\"Organization\",\"@id\":\"https:\\\/\\\/filigrand.de\\\/#organization\",\"name\":\"Filigrand - hochwertige Sofabez\u00fcge f\u00fcr Ecksofa, L-Form etc. made in EU\",\"url\":\"https:\\\/\\\/filigrand.de\\\/\",\"logo\":{\"@type\":\"ImageObject\",\"inLanguage\":\"de\",\"@id\":\"https:\\\/\\\/filigrand.de\\\/#\\\/schema\\\/logo\\\/image\\\/\",\"url\":\"https:\\\/\\\/filigrand.de\\\/wp-content\\\/uploads\\\/2021\\\/03\\\/FILIGRAND-e1614628532288.png\",\"contentUrl\":\"https:\\\/\\\/filigrand.de\\\/wp-content\\\/uploads\\\/2021\\\/03\\\/FILIGRAND-e1614628532288.png\",\"width\":270,\"height\":200,\"caption\":\"Filigrand - hochwertige Sofabez\u00fcge f\u00fcr Ecksofa, L-Form etc. made in EU\"},\"image\":{\"@id\":\"https:\\\/\\\/filigrand.de\\\/#\\\/schema\\\/logo\\\/image\\\/\"},\"sameAs\":[\"https:\\\/\\\/www.instagram.com\\\/filigrand.de\\\/\"]}]}<\/script>\n<!-- \/ Yoast SEO plugin. -->","yoast_head_json":{"title":"R\u00fccksendung - Filigrand - hochwertige Sofabez\u00fcge f\u00fcr Ecksofa, L-Form etc. made in EU","robots":{"index":"index","follow":"follow","max-snippet":"max-snippet:-1","max-image-preview":"max-image-preview:large","max-video-preview":"max-video-preview:-1"},"canonical":"https:\/\/filigrand.de\/?page_id=1031","og_locale":"de_DE","og_type":"article","og_title":"R\u00fccksendung - Filigrand - hochwertige Sofabez\u00fcge f\u00fcr Ecksofa, L-Form etc. made in EU","og_description":"R\u00fccksendung Die R\u00fcckgabe eines oder mehrerer Artikel ist innerhalb der 14-t\u00e4gigen Frist m\u00f6glich. Jedoch muss sich die Ware im Originalzustand befinden. Bitte beachten, dass wir nur einwandfreie (z. B. keine Sch\u00e4den, Verschmutzung, Tierhaare, gewaschene\/geruchsbeeintr\u00e4chtigte, z. B. Zigarettengeruch) Ware in unbesch\u00e4digtem Zustand mit allem Zubeh\u00f6r zur\u00fccknehmen k\u00f6nnen.&nbsp; F\u00fcr Retouren aus Deutschland gilt folgendes: wir \u00fcbernehmen die&hellip;","og_url":"https:\/\/filigrand.de\/?page_id=1031","og_site_name":"Filigrand - hochwertige Sofabez\u00fcge f\u00fcr Ecksofa, L-Form etc. made in EU","article_modified_time":"2023-01-15T14:21:20+00:00","twitter_card":"summary_large_image","twitter_misc":{"Gesch\u00e4tzte Lesezeit":"2\u00a0Minuten"},"schema":{"@context":"https:\/\/schema.org","@graph":[{"@type":"WebPage","@id":"https:\/\/filigrand.de\/?page_id=1031","url":"https:\/\/filigrand.de\/?page_id=1031","name":"R\u00fccksendung - Filigrand - hochwertige Sofabez\u00fcge f\u00fcr Ecksofa, L-Form etc. made in EU","isPartOf":{"@id":"https:\/\/filigrand.de\/#website"},"datePublished":"2021-03-23T20:04:00+00:00","dateModified":"2023-01-15T14:21:20+00:00","breadcrumb":{"@id":"https:\/\/filigrand.de\/?page_id=1031#breadcrumb"},"inLanguage":"de","potentialAction":[{"@type":"ReadAction","target":["https:\/\/filigrand.de\/?page_id=1031"]}]},{"@type":"BreadcrumbList","@id":"https:\/\/filigrand.de\/?page_id=1031#breadcrumb","itemListElement":[{"@type":"ListItem","position":1,"name":"Startseite","item":"https:\/\/filigrand.de\/"},{"@type":"ListItem","position":2,"name":"R\u00fccksendung"}]},{"@type":"WebSite","@id":"https:\/\/filigrand.de\/#website","url":"https:\/\/filigrand.de\/","name":"Filigrand - hochwertige Sofabez\u00fcge f\u00fcr Ecksofa, L-Form etc. made in EU","description":"Universelle hochelastische Sofabez\u00fcge, Sesselbez\u00fcge, Bettbez\u00fcge direkt aus Italien &amp; Spanien. Perfekte Passform und Halt.","publisher":{"@id":"https:\/\/filigrand.de\/#organization"},"potentialAction":[{"@type":"SearchAction","target":{"@type":"EntryPoint","urlTemplate":"https:\/\/filigrand.de\/?s={search_term_string}"},"query-input":{"@type":"PropertyValueSpecification","valueRequired":true,"valueName":"search_term_string"}}],"inLanguage":"de"},{"@type":"Organization","@id":"https:\/\/filigrand.de\/#organization","name":"Filigrand - hochwertige Sofabez\u00fcge f\u00fcr Ecksofa, L-Form etc. made in EU","url":"https:\/\/filigrand.de\/","logo":{"@type":"ImageObject","inLanguage":"de","@id":"https:\/\/filigrand.de\/#\/schema\/logo\/image\/","url":"https:\/\/filigrand.de\/wp-content\/uploads\/2021\/03\/FILIGRAND-e1614628532288.png","contentUrl":"https:\/\/filigrand.de\/wp-content\/uploads\/2021\/03\/FILIGRAND-e1614628532288.png","width":270,"height":200,"caption":"Filigrand - hochwertige Sofabez\u00fcge f\u00fcr Ecksofa, L-Form etc. made in EU"},"image":{"@id":"https:\/\/filigrand.de\/#\/schema\/logo\/image\/"},"sameAs":["https:\/\/www.instagram.com\/filigrand.de\/"]}]}},"uagb_featured_image_src":{"full":false,"thumbnail":false,"medium":false,"medium_large":false,"large":false,"1536x1536":false,"2048x2048":false,"post-thumbnail":false,"restoration-rectangle":false,"restoration-single":false,"restoration-rectangle-mini":false,"restoration-rectangle-mobile":false,"restoration-rectangle-x2":false,"restoration-single-mini":false,"restoration-single-mobile":false,"restoration-single-x2":false,"woocommerce_thumbnail":false,"woocommerce_single":false,"woocommerce_gallery_thumbnail":false},"uagb_author_info":{"display_name":"Filigrand","author_link":"https:\/\/filigrand.de\/?author=1"},"uagb_comment_info":0,"uagb_excerpt":"R\u00fccksendung Die R\u00fcckgabe eines oder mehrerer Artikel ist innerhalb der 14-t\u00e4gigen Frist m\u00f6glich. Jedoch muss sich die Ware im Originalzustand befinden. Bitte beachten, dass wir nur einwandfreie (z. B. keine Sch\u00e4den, Verschmutzung, Tierhaare, gewaschene\/geruchsbeeintr\u00e4chtigte, z. B. Zigarettengeruch) Ware in unbesch\u00e4digtem Zustand mit allem Zubeh\u00f6r zur\u00fccknehmen k\u00f6nnen.&nbsp; F\u00fcr Retouren aus Deutschland gilt folgendes: wir \u00fcbernehmen die&hellip;","_links":{"self":[{"href":"https:\/\/filigrand.de\/index.php?rest_route=\/wp\/v2\/pages\/1031","targetHints":{"allow":["GET"]}}],"collection":[{"href":"https:\/\/filigrand.de\/index.php?rest_route=\/wp\/v2\/pages"}],"about":[{"href":"https:\/\/filigrand.de\/index.php?rest_route=\/wp\/v2\/types\/page"}],"author":[{"embeddable":true,"href":"https:\/\/filigrand.de\/index.php?rest_route=\/wp\/v2\/users\/1"}],"replies":[{"embeddable":true,"href":"https:\/\/filigrand.de\/index.php?rest_route=%2Fwp%2Fv2%2Fcomments&post=1031"}],"version-history":[{"count":1,"href":"https:\/\/filigrand.de\/index.php?rest_route=\/wp\/v2\/pages\/1031\/revisions"}],"predecessor-version":[{"id":6061,"href":"https:\/\/filigrand.de\/index.php?rest_route=\/wp\/v2\/pages\/1031\/revisions\/6061"}],"wp:attachment":[{"href":"https:\/\/filigrand.de\/index.php?rest_route=%2Fwp%2Fv2%2Fmedia&parent=1031"}],"curies":[{"name":"wp","href":"https:\/\/api.w.org\/{rel}","templated":true}]}}